{"id":100,"date":"2022-08-03T05:53:38","date_gmt":"2022-08-03T05:53:38","guid":{"rendered":"https:\/\/cmictamaulipas.org.mx\/?page_id=100"},"modified":"2023-06-11T16:18:13","modified_gmt":"2023-06-11T16:18:13","slug":"100-2","status":"publish","type":"page","link":"https:\/\/cmictamaulipas.org.mx\/index.php\/100-2\/","title":{"rendered":"Qui\u00e9nes Somos"},"content":{"rendered":"<p>[et_pb_section fb_built=&#8221;1&#8243; fullwidth=&#8221;on&#8221; _builder_version=&#8221;4.17.6&#8243; _module_preset=&#8221;default&#8221; global_colors_info=&#8221;{}&#8221;][et_pb_fullwidth_image src=&#8221;https:\/\/cmictamaulipas.org.mx\/wp-content\/uploads\/2022\/08\/Banner_QuienesSomos.jpg&#8221; alt=&#8221;Qui\u00e9nes Somos&#8221; title_text=&#8221;Banner_QuienesSomos&#8221; _builder_version=&#8221;4.17.6&#8243; _module_preset=&#8221;default&#8221; global_colors_info=&#8221;{}&#8221;][\/et_pb_fullwidth_image][\/et_pb_section][et_pb_section fb_built=&#8221;1&#8243; _builder_version=&#8221;4.17.6&#8243; _module_preset=&#8221;default&#8221; global_colors_info=&#8221;{}&#8221;][et_pb_row column_structure=&#8221;1_2,1_2&#8243; _builder_version=&#8221;4.17.6&#8243; _module_preset=&#8221;default&#8221; global_colors_info=&#8221;{}&#8221;][et_pb_column type=&#8221;1_2&#8243; _builder_version=&#8221;4.17.6&#8243; _module_preset=&#8221;default&#8221; global_colors_info=&#8221;{}&#8221;][et_pb_image src=&#8221;https:\/\/cmictamaulipas.org.mx\/wp-content\/uploads\/2022\/08\/WhatsApp-Image-2022-08-01-at-8.01.19-PM.jpeg&#8221; alt=&#8221;Cmic Tamaulipas Oficina Tampico&#8221; title_text=&#8221;WhatsApp Image 2022-08-01 at 8.01.19 PM&#8221; _builder_version=&#8221;4.17.6&#8243; _module_preset=&#8221;default&#8221; global_colors_info=&#8221;{}&#8221;][\/et_pb_image][\/et_pb_column][et_pb_column type=&#8221;1_2&#8243; _builder_version=&#8221;4.17.6&#8243; _module_preset=&#8221;default&#8221; global_colors_info=&#8221;{}&#8221;][et_pb_text _builder_version=&#8221;4.17.6&#8243; _module_preset=&#8221;default&#8221; global_colors_info=&#8221;{}&#8221;]<\/p>\n<p style=\"text-align: justify;\">La C\u00e1mara Mexicana de la Industria de la Construcci\u00f3n (CMIC), es la instituci\u00f3n encargada de representar, apoyar y fortalecer a las empresas constructoras del pa\u00eds, por medio de la gesti\u00f3n, asesor\u00eda, capacitaci\u00f3n, formaci\u00f3n profesional e integraci\u00f3n de nuevas tecnolog\u00edas. En la actualidad cuenta con alrededor de 9 mil empresas afiliadas, en 44 delegaciones, 18 oficinas de representaci\u00f3n y 10 oficinas de atenci\u00f3n, en toda la Rep\u00fablica Mexicana; adem\u00e1s de estar presente en los sectores m\u00e1s importantes del pa\u00eds a trav\u00e9s de sus vicepresidencias, las cuales trabajan de manera coordinada con instancias p\u00fablicas y privadas; siendo por Ley un \u00f3rgano de consulta y colaboraci\u00f3n ante los tres niveles de Gobierno.<\/p>\n<p style=\"text-align: justify;\">Con la finalidad de promover el crecimiento empresarial de sus agremiados, constituy\u00f3 al Instituto de Capacitaci\u00f3n de la Industria de la Construcci\u00f3n (ICIC), \u00fanico en Latinoam\u00e9rica con programas de capacitaci\u00f3n en el trabajo, los cuales se implementan de manera directa en la obra; cre\u00f3 al Instituto Tecnol\u00f3gico de la Construcci\u00f3n (ITC), especializado en la formaci\u00f3n de profesionales en el ramo constructor; y posteriormente instaur\u00f3 a la Fundaci\u00f3n de la Industria de la Construcci\u00f3n (FIC), la cual canaliza y fomenta las mega tendencias en materia tecnol\u00f3gica, certifica a las empresas en sistemas de gesti\u00f3n en las normas ISO 9001, 14001 y 45001.<\/p>\n<p style=\"text-align: justify;\">Hablar de la C\u00e1mara Mexicana de la Industria de la Construcci\u00f3n en M\u00e9xico, es sin duda alguna, hablar del desarrollo en el pa\u00eds. Muchas han sido las obras que desde hace m\u00e1s de 68 a\u00f1os sus afiliados han materializado en todo el territorio nacional.<\/p>\n<p style=\"text-align: justify;\">Su importancia radica en mucho m\u00e1s que representar a la industria de la construcci\u00f3n. Con m\u00e1s de 9 mil empresas afiliadas en las 44 delegaciones del pa\u00eds, sin duda la CMIC Delegaci\u00f3n Tamaulipas es una de las m\u00e1s importantes, contando actualmente con m\u00e1s de 355 empresas afiliadas en el estado, adem\u00e1s de un buen n\u00famero de afiliados proveedores y estudiantiles.<\/p>\n<p style=\"text-align: justify;\"><strong>Una C\u00e1mara consolidada<\/strong><\/p>\n<p style=\"text-align: justify;\">La CMIC cuenta con organismos que interact\u00faan y coadyuvan en el desarrollo de la C\u00e1mara, el Instituto de Capacitaci\u00f3n de la Industria de la Construcci\u00f3n (ICIC) es el encargado de formar, capacitar y actualizar a los recursos humanos de la industria de la construcci\u00f3n para que realicen sus actividades de una manera eficiente, contribuyan a incrementar la calidad en el desempe\u00f1o de su trabajo, as\u00ed como para tengan mayores oportunidades de superaci\u00f3n profesional y personal. Desde hace 44 a\u00f1os el ICIC ha impartido m\u00e1s de 480 mil cursos beneficiando con ello a m\u00e1s de 5 millones de mexicanos, impartiendo m\u00e1s de 14 mil certificaciones.<\/p>\n<p style=\"text-align: justify;\">Adem\u00e1s, tambi\u00e9n existe el Instituto Tecnol\u00f3gico de la Construcci\u00f3n (ITC) organismo de educaci\u00f3n superior fundado hace m\u00e1s de 38 a\u00f1os, que tiene aprobados por la Secretar\u00eda de Educaci\u00f3n P\u00fablica, 95 RVOE, que son impartidos en 7 campus: Ciudad de M\u00e9xico, Tabasco, Oaxaca, Nayarit, Estado de M\u00e9xico, Hidalgo y Quer\u00e9taro, as\u00ed como en los m\u00e1s de 40 Centros Escolares distribuidos en todo el pa\u00eds. En su oferta acad\u00e9mica destacan 2 licenciaturas, 2 especialidades, 9 planes de maestr\u00eda, y un n\u00famero creciente de diplomados de acuerdo a las necesidades de cada regi\u00f3n.<\/p>\n<p style=\"text-align: justify;\">La CMIC adem\u00e1s se destaca por ser una organizaci\u00f3n con un alto sentido de Responsabilidad Social, representado adem\u00e1s de sus acciones en favor de la comunidad, en un organismo que le fortalece, la Fundaci\u00f3n de la Industria de la Construcci\u00f3n (FIC) la cu\u00e1l desde hace 28 a\u00f1os tiene como misi\u00f3n promover el crecimiento empresarial por medio de la Tecnolog\u00eda. Siendo su principal objetivo investigar, conocer, desarrollar y documentar lo referente a tecnolog\u00edas de punta, t\u00e9cnicas, procesos, maquinaria, herramientas, nuevos sistemas gerenciales de informaci\u00f3n y de control en la construcci\u00f3n, para ponerlos a disposici\u00f3n de los empresarios del ramo, lo cual permite obtener la modernizaci\u00f3n del sector.<\/p>\n<p style=\"text-align: justify;\">\n<p>[\/et_pb_text][\/et_pb_column][\/et_pb_row][\/et_pb_section][et_pb_section fb_built=&#8221;1&#8243; fullwidth=&#8221;on&#8221; _builder_version=&#8221;4.20.4&#8243; _module_preset=&#8221;default&#8221; background_color=&#8221;#000000&#8243; global_colors_info=&#8221;{}&#8221;][et_pb_fullwidth_header title=&#8221;Pol\u00edtica de Calidad&#8221; _builder_version=&#8221;4.20.4&#8243; _module_preset=&#8221;default&#8221; background_color=&#8221;#2d2d2d&#8221; global_colors_info=&#8221;{}&#8221;]<\/p>\n<h4 style=\"text-align: justify;\">Nuestra pol\u00edtica es ser una instituci\u00f3n al servicio de los constructores organizados del pa\u00eds, orientada a representar, capacitar y fortalecer a las empresas del sector, a trav\u00e9s de procesos claros y estandarizados a nivel nacional, buscando consolidar una industria sustentable y de clase mundial.<\/h4>\n<p>[\/et_pb_fullwidth_header][et_pb_fullwidth_header title=&#8221;Nuestros Valores&#8221; _builder_version=&#8221;4.17.6&#8243; _module_preset=&#8221;default&#8221; background_color=&#8221;#2d2d2d&#8221; global_colors_info=&#8221;{}&#8221;]<\/p>\n<h4 style=\"text-align: justify;\">En CMIC Tamaulipas trabajamos con una filosof\u00eda institucional en com\u00fan, con una misi\u00f3n y visi\u00f3n de gran alcance y valores firmes y establecidos, le invitamos a conocerlos.<\/h4>\n<p>[\/et_pb_fullwidth_header][\/et_pb_section][et_pb_section fb_built=&#8221;1&#8243; _builder_version=&#8221;4.17.6&#8243; _module_preset=&#8221;default&#8221; background_color=&#8221;#dddddd&#8221; custom_padding=&#8221;24px||0px|||&#8221; global_colors_info=&#8221;{}&#8221;][et_pb_row column_structure=&#8221;1_2,1_2&#8243; _builder_version=&#8221;4.17.6&#8243; _module_preset=&#8221;default&#8221; global_colors_info=&#8221;{}&#8221;][et_pb_column type=&#8221;1_2&#8243; _builder_version=&#8221;4.17.6&#8243; _module_preset=&#8221;default&#8221; global_colors_info=&#8221;{}&#8221;][et_pb_icon font_icon=&#8221;&#xe0ef;||divi||400&#8243; icon_color=&#8221;#000000&#8243; _builder_version=&#8221;4.17.6&#8243; _module_preset=&#8221;default&#8221; global_colors_info=&#8221;{}&#8221;][\/et_pb_icon][et_pb_text _builder_version=&#8221;4.21.0&#8243; _module_preset=&#8221;default&#8221; custom_padding=&#8221;1px|||||&#8221; hover_enabled=&#8221;0&#8243; global_colors_info=&#8221;{}&#8221; sticky_enabled=&#8221;0&#8243;]<\/p>\n<h2 style=\"text-align: center;\"><strong>Misi\u00f3n<\/strong><\/h2>\n<p style=\"text-align: justify;\">Representar y defender los intereses de los industriales de la construcci\u00f3n, liderando la cadena de valor y brindando servicios de vanguardia, para impulsar una industria sustentable, innovadora y altamente competitiva, que, con integridad e inclusi\u00f3n social, contribuye significativamente al desarrollo de M\u00e9xico.<\/p>\n<p>&nbsp;<\/p>\n<p>[\/et_pb_text][\/et_pb_column][et_pb_column type=&#8221;1_2&#8243; _builder_version=&#8221;4.17.6&#8243; _module_preset=&#8221;default&#8221; global_colors_info=&#8221;{}&#8221;][et_pb_icon font_icon=&#8221;&#xe0e3;||divi||400&#8243; icon_color=&#8221;#000000&#8243; _builder_version=&#8221;4.17.6&#8243; _module_preset=&#8221;default&#8221; locked=&#8221;off&#8221; global_colors_info=&#8221;{}&#8221;][\/et_pb_icon][et_pb_text _builder_version=&#8221;4.21.0&#8243; _module_preset=&#8221;default&#8221; hover_enabled=&#8221;0&#8243; global_colors_info=&#8221;{}&#8221; sticky_enabled=&#8221;0&#8243;]<\/p>\n<h2 style=\"text-align: center;\"><strong>Visi\u00f3n<\/strong><\/h2>\n<p style=\"text-align: justify;\">Ser una C\u00e1mara que incide en la pol\u00edtica de edificaci\u00f3n e infraestructura y lidera a la industria de la construcci\u00f3n como motor de crecimiento sustentable y bienestar del pa\u00eds.<\/p>\n<p>&nbsp;<\/p>\n<p>[\/et_pb_text][\/et_pb_column][\/et_pb_row][\/et_pb_section][et_pb_section fb_built=&#8221;1&#8243; _builder_version=&#8221;4.17.6&#8243; _module_preset=&#8221;default&#8221; custom_padding=&#8221;24px|||||&#8221; global_colors_info=&#8221;{}&#8221;][et_pb_row _builder_version=&#8221;4.17.6&#8243; _module_preset=&#8221;default&#8221; global_colors_info=&#8221;{}&#8221;][et_pb_column type=&#8221;4_4&#8243; _builder_version=&#8221;4.17.6&#8243; _module_preset=&#8221;default&#8221; global_colors_info=&#8221;{}&#8221;][et_pb_accordion _builder_version=&#8221;4.17.6&#8243; _module_preset=&#8221;default&#8221; global_colors_info=&#8221;{}&#8221;][et_pb_accordion_item title=&#8221;Unidad&#8221; open=&#8221;on&#8221; _builder_version=&#8221;4.17.6&#8243; _module_preset=&#8221;default&#8221; global_colors_info=&#8221;{}&#8221;]<\/p>\n<p>Entendida como la solidaridad que existe entre todos los integrantes de la C\u00e1mara y los grupos de inter\u00e9s.<\/p>\n<p>[\/et_pb_accordion_item][et_pb_accordion_item title=&#8221;Institucionalidad&#8221; _builder_version=&#8221;4.17.6&#8243; _module_preset=&#8221;default&#8221; global_colors_info=&#8221;{}&#8221; open=&#8221;off&#8221;]<\/p>\n<p style=\"text-align: justify;\">La cual se relaciona con la formalidad de todos los individuos y organizaciones de la construcci\u00f3n, al comprometerse con la C\u00e1mara y sus Delegaciones para el funcionamiento eficiente de sus Institutos y objetivos estrat\u00e9gicos.<\/p>\n<p>[\/et_pb_accordion_item][et_pb_accordion_item title=&#8221;Excelencia&#8221; _builder_version=&#8221;4.17.6&#8243; _module_preset=&#8221;default&#8221; global_colors_info=&#8221;{}&#8221; open=&#8221;off&#8221;]<\/p>\n<p style=\"text-align: justify;\">Entendida como la b\u00fasqueda del desarrollo humano y profesional de todos los integrantes de la C\u00e1mara para lograr que la industria de la construcci\u00f3n logre est\u00e1ndares de calidad mundial.<\/p>\n<p>[\/et_pb_accordion_item][et_pb_accordion_item title=&#8221;Honestidad&#8221; _builder_version=&#8221;4.17.6&#8243; _module_preset=&#8221;default&#8221; global_colors_info=&#8221;{}&#8221; open=&#8221;off&#8221;]<\/p>\n<p style=\"text-align: justify;\">La cual se refiere a nuestra capacidad para conducirnos siempre con apego a la verdad y un respeto absoluto a la propiedad econ\u00f3mica e intelectual de los dem\u00e1s.<\/p>\n<p>[\/et_pb_accordion_item][et_pb_accordion_item title=&#8221;Justicia y Equidad&#8221; _builder_version=&#8221;4.17.6&#8243; _module_preset=&#8221;default&#8221; global_colors_info=&#8221;{}&#8221; open=&#8221;off&#8221;]<\/p>\n<p style=\"text-align: justify;\">Entendida la justicia como la capacidad de dar a cada quien lo que le corresponde cuando le corresponde y apoyar a los d\u00e9biles sin abusar de una posici\u00f3n privilegiada, la equidad.<\/p>\n<p>[\/et_pb_accordion_item][et_pb_accordion_item title=&#8221;Responsabilidad&#8221; _builder_version=&#8221;4.17.6&#8243; _module_preset=&#8221;default&#8221; global_colors_info=&#8221;{}&#8221; open=&#8221;off&#8221;]<\/p>\n<p style=\"text-align: justify;\">Nuestra capacidad de cumplir siempre con lo ofrecido hacia terceros, corrigiendo errores y reparando los da\u00f1os que pudiesen causarse.<\/p>\n<p>[\/et_pb_accordion_item][et_pb_accordion_item title=&#8221;Salud y Seguridad&#8221; _builder_version=&#8221;4.17.6&#8243; _module_preset=&#8221;default&#8221; global_colors_info=&#8221;{}&#8221; open=&#8221;off&#8221;]<\/p>\n<p style=\"text-align: justify;\">Entendida como el cuidado por encima de cualquier otro inter\u00e9s la salud y seguridad de las personas, as\u00ed como de las instalaciones encomendadas a nuestra gesti\u00f3n, desarrollando acciones para cuidar y evitar poner en riesgo mi salud, mi seguridad y la de mis compa\u00f1eros y compa\u00f1eras.<\/p>\n<p>[\/et_pb_accordion_item][et_pb_accordion_item title=&#8221;Innovaci\u00f3n y Buenas Pr\u00e1cticas&#8221; _builder_version=&#8221;4.17.6&#8243; _module_preset=&#8221;default&#8221; global_colors_info=&#8221;{}&#8221; open=&#8221;off&#8221;]<\/p>\n<p style=\"text-align: justify;\">Mantener un sentido permanente de b\u00fasqueda de las mejores pr\u00e1cticas en la construcci\u00f3n y el abatimiento de los costos y precios de los proyectos y compromisos.<\/p>\n<p>[\/et_pb_accordion_item][et_pb_accordion_item title=&#8221;Transparencia y Pr\u00e1cticas Anticorrupci\u00f3n&#8221; _builder_version=&#8221;4.17.6&#8243; _module_preset=&#8221;default&#8221; global_colors_info=&#8221;{}&#8221; open=&#8221;off&#8221;]<\/p>\n<p style=\"text-align: justify;\">Llevar a cabo pr\u00e1cticas y m\u00e9todos, sin tener nada que ocultar y abuso del poder o de posiciones personales para un beneficio personal.<\/p>\n<p>[\/et_pb_accordion_item][\/et_pb_accordion][\/et_pb_column][\/et_pb_row][\/et_pb_section]<\/p>\n","protected":false},"excerpt":{"rendered":"<p>La C\u00e1mara Mexicana de la Industria de la Construcci\u00f3n (CMIC), es la instituci\u00f3n encargada de representar, apoyar y fortalecer a las empresas constructoras del pa\u00eds, por medio de la gesti\u00f3n, asesor\u00eda, capacitaci\u00f3n, formaci\u00f3n profesional e integraci\u00f3n de nuevas tecnolog\u00edas. En la actualidad cuenta con alrededor de 9 mil empresas afiliadas, en 44 delegaciones, 18 oficinas [&hellip;]<\/p>\n","protected":false},"author":1,"featured_media":0,"parent":0,"menu_order":0,"comment_status":"closed","ping_status":"closed","template":"","meta":{"_et_pb_use_builder":"on","_et_pb_old_content":"","_et_gb_content_width":"","_joinchat":[],"footnotes":""},"class_list":["post-100","page","type-page","status-publish","hentry"],"_links":{"self":[{"href":"https:\/\/cmictamaulipas.org.mx\/index.php\/wp-json\/wp\/v2\/pages\/100","targetHints":{"allow":["GET"]}}],"collection":[{"href":"https:\/\/cmictamaulipas.org.mx\/index.php\/wp-json\/wp\/v2\/pages"}],"about":[{"href":"https:\/\/cmictamaulipas.org.mx\/index.php\/wp-json\/wp\/v2\/types\/page"}],"author":[{"embeddable":true,"href":"https:\/\/cmictamaulipas.org.mx\/index.php\/wp-json\/wp\/v2\/users\/1"}],"replies":[{"embeddable":true,"href":"https:\/\/cmictamaulipas.org.mx\/index.php\/wp-json\/wp\/v2\/comments?post=100"}],"version-history":[{"count":13,"href":"https:\/\/cmictamaulipas.org.mx\/index.php\/wp-json\/wp\/v2\/pages\/100\/revisions"}],"predecessor-version":[{"id":693,"href":"https:\/\/cmictamaulipas.org.mx\/index.php\/wp-json\/wp\/v2\/pages\/100\/revisions\/693"}],"wp:attachment":[{"href":"https:\/\/cmictamaulipas.org.mx\/index.php\/wp-json\/wp\/v2\/media?parent=100"}],"curies":[{"name":"wp","href":"https:\/\/api.w.org\/{rel}","templated":true}]}}